 by 44.
31
Calculate the remainder when 3479982 is divided by 1387.
1386
What is the remainder when 2159 is divided by 306?
17
What is the remainder when 6361 is divided by 199?
192
Calculate the remainder when 104763 is divided by 29.
15
Calculate the remainder when 2568 is divided by 292.
232
Calculate the remainder when 145576 is divided by 337.
329
Calculate the remainder when 13975 is divided by 4658.
1
Calculate the remainder when 44875 is divided by 52.
51
Calculate the remainder when 1794119 is divided by 11.
8
What is the remainder when 197754 is divided by 32954?
30
Calculate the remainder when 26668 is divided by 8829.
181
What is the remainder when 590741 is divided by 49?
46
What is the remainder when 1429677 is divided by 1295?
1292
What is the remainder when 114791 is divided by 217?
215
What is the remainder when 1687 is divided by 321?
82
What is the remainder when 2411 is divided by 46?
19
Calculate the remainder when 3770 is divided by 41.
39
What is the remainder when 3361 is divided by 826?
57
Calculate the remainder when 866444 is divided by 72.
68
What is the remainder when 108568 is divided by 52?
44
What is the remainder when 17568 is divided by 63?
54
What is the remainder when 19770 is divided by 482?
8
Calculate the remainder when 349833 is divided by 12494.
1
What is the remainder when 464259 is divided by 171?
165
What is the remainder when 53770 is divided by 55?
35
Calculate the remainder when 252 is divided by 35.
7
Calculate the remainder when 3604 is divided by 307.
227
What is the remainder when 73947 is divided by 1541?
1520
Calculate the remainder when 1386 is divided by 95.
56
Calculate the remainder when 153540 is divided by 978.
972
Calculate the remainder when 33827 is divided by 236.
79
What is the remainder when 29730 is divided by 24?
18
What is the remainder when 286 is divided by 7?
6
Calculate the remainder when 3656 is divided by 1754.
148
What is the remainder when 276507 is divided by 60?
27
What is the remainder when 53618 is divided by 183?
182
What is the remainder when 647072 is divided by 325?
322
Calculate the remainder when 190627 is divided by 958.
943
Calculate the remainder when 8417 is divided by 382.
13
What is the remainder when 5642 is divided by 102?
32
Calculate the remainder when 7432 is divided by 111.
106
What is the remainder when 77570 is divided by 2983?
12
Calculate the remainder when 748298 is divided by 100.
98
What is the remainder when 490811 is divided by 65?
61
What is the remainder when 18016 is divided by 18016?
0
What is the remainder when 3231 is divided by 404?
403
What is the remainder when 143343 is divided by 289?
288
What is the remainder when 936 is divided by 126?
54
Calculate the remainder when 51529 is divided by 419.
411
Calculate the remainder when 143084 is divided by 33.
29
What is the remainder when 10104 is divided by 662?
174
Calculate the remainder when 33270 is divided by 24.
6
What is the remainder when 11107 is divided by 2771?
23
Calculate the remainder when 33574 is divided by 63.
58
What is the remainder when 23017 is divided by 371?
15
What is the remainder when 2685 is divided by 526?
55
Calculate the remainder when 18340 is divided by 98.
14
Calculate the remainder when 343202 is divided by 1751.
6
Calculate the remainder when 1732 is divided by 205.
92
What is the remainder when 151256 is divided by 10083?
11
What is the remainder when 8809 is divided by 338?
21
What is the remainder when 35592 is divided by 82?
4
Calculate the remainder when 26900 is divided by 480.
20
What is the remainder when 29938 is divided by 277?
22
Calculate the remainder when 21696 is divided by 5407.
68
What is the remainder when 4977 is divided by 370?
167
Calculate the remainder when 5969 is divided by 399.
383
Calculate the remainder when 1708 is divided by 813.
82
Calculate the remainder when 10017 is divided by 3315.
72
What is the remainder when 21296 is divided by 414?
182
What is the remainder when 698910 is divided by 23297?
0
Calculate the remainder when 72268 is divided by 861.
805
Calculate the remainder when 5880 is divided by 872.
648
Calculate the remainder when 51732 is divided by 232.
228
What is the remainder when 82219 is divided by 36?
31
Calculate the remainder when 246202 is divided by 17585.
12
What is the remainder when 64900 is divided by 16217?
32
What is the remainder when 33653 is divided by 220?
213
Calculate the remainder when 44231 is divided by 1229.
1216
Calculate the remainder when 1668 is divided by 552.
12
What is the remainder when 7889 is divided by 7802?
87
Calculate the remainder when 11247 is divided by 90.
87
Calculate the remainder when 2703 is divided by 73.
2
What is the remainder when 651 is divided by 415?
236
Calculate the remainder when 8813 is divided by 4310.
193
Calculate the remainder when 985 is divided by 55.
50
Calculate the remainder when 15007 is divided by 1624.
391
What is the remainder when 1105 is divided by 1090?
15
What is the remainder when 143244 is divided by 382?
376
Calculate the remainder when 4502 is divided by 2226.
50
What is the remainder when 876 is divided by 89?
75
What is the remainder when 53224 is divided by 18?
16
Calculate the remainder when 49645 is divided by 449.
255
Calculate the remainder when 62645 is divided by 62635.
10
What is the remainder when 5571 is divided by 116?
3
What is the remainder when 215861 is divided by 703?
40
Calculate the remainder when 1126416 is divided by 59.
47
What is the remainder when 165605 is divided by 14?
13
What is the remainder when 1011858 is divided by 252962?
10
What is the remainder when 18083 is divided by 152?
147
What is the remainder when 668660 is divided by 1004?
1000
What is the remainder when 1383 is divided by 115?
3
Calculate the remainder when 29262 is divided by 97.
65
What is the remainder when 10737 is divided by 41?
36
Calculate the remainder when 7079 is divided by 260.
59
What is the remainder when 310601 is divided by 15?
11
What is the remainder when 1245094 is divided by 10290?
4
What is the remainder when 3356 is divided by 19?
12
What is the remainder when 1845749 is divided by 10?
9
What is the remainder when 5260 is divided by 4781?
479
What is the remainder when 61359 is divided by 31?
10
What is the remainder when 239491 is divided by 95?
91
Calculate the remainder when 36071 is divided by 1524.
1019
Calculate the remainder when 17176 is divided by 84.
40
What is the remainder when 20764 is divided by 118?
114
Calculate the remainder when 102370 is divided by 449.
447
Calculate the remainder when 2818 is divided by 219.
190
Calculate the remainder when 46912 is divided by 11.
8
Calculate the remainder when 633 is divided by 34.
21
Calculate the remainder when 51476 is divided by 30.
26
What is the remainder when 6103 is divided by 554?
9
What is the remainder when 465353 is divided by 30?
23
Calculate the remainder when 583899 is divided by 568.
563
What is the remainder when 521994 is divided by 371?
368
What is the remainder when 35282 is divided by 57?
56
Calculate the remainder when 14593 is divided by 2429.
19
Calculate the remainder when 151362 is divided by 371.
365
What is the remainder when 16837 is divided by 11?
7
Calculate the remainder when 1182 is divided by 588.
6
Calculate the remainder when 20389 is divided by 20388.
1
What is the remainder when 1354 is divided by 148?
22
What is the remainder when 645 is divided by 84?
57
What is the remainder when 25621 is divided by 16?
5
Calculate the remainder when 134346 is divided by 65.
56
Calculate the remainder when 1269 is divided by 394.
87
What is the remainder when 10917 is divided by 3628?
33
What is the remainder when 24444 is divided by 8146?
6
Calculate the remainder when 52095 is divided by 26033.
29
Calculate the remainder when 633 is divided by 474.
159
Calculate the remainder when 7650022 is divided by 24.
22
What is the remainder when 6091 is divided by 44?
19
Calculate the remainder when 494 is divided by 281.
213
Calculate the remainder when 1350 is divided by 267.
15
What is the remainder when 8364 is divided by 221?
187
What is the remainder when 54995 is divided by 214?
211
Calculate the remainder when 15342 is divided by 214